 7
Suppose -5*v = 5*t - 35, -v + 5*v + 3*t - 24 = 0. Suppose 0 = 3*s + v*s - 24. Suppose -s*g - 2*m + 30 = -40, 4*g - 55 = m. What are the prime factors of g?
3, 5
Suppose -3*r = -5*h + 238, -182 = -4*h - r + 22. Let j be (6/15)/1*h. What are the prime factors of (10/25)/(1/j)?
2
List the prime factors of (1 - -49)/((-43)/(-2494)).
2, 5, 29
List the prime factors of 97940/177 - 2/(-3).
2, 277
Suppose -62*f + 67*f + 4*z - 88 = 0, 2*f - 4*z = 24. List the prime factors of f.
2
Let d = 104 + -95. What are the prime factors of 110 - ((-30)/(-9) + (-3)/d)?
107
Let y(f) = -f**2 - 9*f - 20. Let h be y(-6). Let u = h - -34. List the prime factors of u.
2
Let f = 12 - 10. Let l(d) = 3*d - 2*d - 4*d + 5 + f*d. What are the prime factors of l(-4)?
3
Let h = -53 + 53. Let t(o) = o**3 + o**2 + 86. List the prime factors of t(h).
2, 43
Let l be -12*6/(72/(-363)). Suppose -l + 48 = -5*a. What are the prime factors of a?
3, 7
Let j be ((-58)/(-4))/(1/18). Suppose j - 1318 = -7*b. What are the prime factors of b?
151
Suppose 392 = 3*a - 2*a - 5*z, -1204 = -3*a + z. List the prime factors of a.
2, 3, 67
Suppose 2*j - 3*f - 12 = 31, -5*j + 4*f = -90. Suppose w + 12 = j. Suppose 4 = -4*c, 4*h + 2*c - 80 = -w*c. What are the prime factors of h?
3, 7
Let j(l) = l**2 + 9*l + 6. Let q(a) = 2*a + 19. Let v be q(-14). Let f be j(v). What are the prime factors of 357/9 - (-2)/f?
2, 5
List the prime factors of (3472/(-140))/(2/(-65)).
2, 13, 31
Let p = 16 + -22. Let k = 0 - p. List the prime factors of ((-63)/k)/(15/(-20)).
2, 7
Let a be (-4)/24 - 65/6. Let g be a - (-1 - (3 + -3)). What are the prime factors of 5*(-3 - 54/g)?
2, 3
List the prime factors of -5*((-5128)/(-5))/(-8).
641
Let a = -5 - -11. Let u be (-3)/(-4) + 1/(4/445). Suppose -2*z - u = -a*z. List the prime factors of z.
2, 7
Let i be 4 - 576/(-3 + 0). Suppose r - h = 3*h + i, -380 = -2*r - 4*h. What are the prime factors of r?
2, 3
Suppose -1371 = -5*i + 2339. List the prime factors of i.
2, 7, 53
Let a = -962 - -1346. What are the prime factors of a?
2, 3
Let z(f) be the first derivative of -f**5/60 - f**4/3 - 2*f**3 + 5. Let c(d) be the third derivative of z(d). List the prime factors of c(-7).
2, 3
Suppose -1444 - 1096 = -10*r. Let z = r + -127. What are the prime factors of z?
127
Let r be (3*(-2)/9)/(9/13770). What are the prime factors of (2/(-5))/(2/r*3)?
2, 17
Suppose -4*h - 8 = -f, 4*f = -h + 12 - 48. Suppose -4*x + 98 = 3*n, -n - x + 4*x + 11 = 0. Let v = n + f. What are the prime factors of v?
2, 3
Suppose 5*w - 178 = -r + 68, 417 = 2*r - 5*w. Suppose 2*f = 4*t - r + 551, -4*f + 667 = -t. List the prime factors of f.
167
Let l be 2/(-7) + 780/(-14). Let y = -220 - -138. Let f = l - y. What are the prime factors of f?
2, 13
Let s(d) = 74*d**3 - 7*d**2 + 6*d + 32. List the prime factors of s(4).
2, 3, 5, 13
Let w = 173 + 287. What are the prime factors of w?
2, 5, 23
Let o = -8 - -20. Suppose -o*i = -9*i - 768. What are the prime factors of i?
2
Let w(m) = -m + 9. Let h be w(8). Suppose 2*i - h = 7. Suppose -17 + 45 = i*s. List the prime factors of s.
7
List the prime factors of (5/120*8)/((-1)/(-2883)).
31
Let u be (12/(-14))/((-27)/126). Let c(m) = m**3 - 3*m**2 + 2*m - 3. What are the prime factors of c(u)?
3, 7
Suppose -7*v - 17*v = -11088. What are the prime factors of v?
2, 3, 7, 11
Let l(t) = -t**3 + 70*t**2 - 67*t - 197. List the prime factors of l(68).
5, 29, 31
Let w(u) = -u**2 + 2*u + 8. Let f be w(4). Suppose -3*y = -4*t - t + 52, -y + 5*t - 34 = f. Let v = y - -41. What are the prime factors of v?
2
Let f(j) = 27*j - 21. What are the prime factors of f(16)?
3, 137
Suppose -4*p - 8 = 4*z, -8 = -4*p + 6*z - 2*z. Suppose 6*g + p*g = 378. What are the prime factors of g?
3, 7
Suppose -3*d + 1180 = 4*b - 4*d, -4*d = 0. List the prime factors of b.
5, 59
Suppose p + p = -24. Let o = p - -59. What are the prime factors of o?
47
Let l(g) = -g**2 - 3*g - 1. Let q be l(-3). Let s = 333 - 310. Let x = s + q. What are the prime factors of x?
2, 11
Let c(t) = -t**3 + 2*t + 1. Let u be c(-2). Let r(y) = 9*y + 12. List the prime factors of r(u).
3, 19
Let p(o) be the second derivative of o**4/12 + 11*o**3/6 - 3*o**2 - 5*o. What are the prime factors of p(4)?
2, 3
Let s(t) = -t + 1. Let n(j) = 7*j + 12. Let f(q) = -n(q) + s(q). List the prime factors of f(-5).
29
Suppose 0 = -8*y + 5*y + 126. Suppose -y = z + 3*b, 2*b + b + 162 = -5*z. List the prime factors of z*(-4)/(-12)*-2.
2, 5
Let a = 788 - 580. List the prime factors of a.
2, 13
Let t(b) = -b - 8. Let g be (36/(-5))/(-4)*5. Let i(v) = 2*v + 17. Let y(w) = g*t(w) + 4*i(w). What are the prime factors of y(-9)?
5
Let t(m) = 2*m + 20. What are the prime factors of t(12)?
2, 11
Let o(a) be the second derivative of -a**4/12 - a**3/6 + 2*a**2 - 3*a. Let g be o(-2). List the prime factors of ((-4)/10)/(g/(-260)).
2, 13
Suppose 99 = -6*u + 213. List the prime factors of u.
19
Suppose k - 12 = 7. Suppose -4*r + 1 = -k. Suppose -55 = -r*h + 5*g, 3*h - 29 - 9 = 2*g. List the prime factors of h.
2
Let l(a) = a**3 - 21*a**2 - 3. List the prime factors of l(22).
13, 37
Suppose -2*j = 2*s + 53 - 1207, -j - 2 = 0. List the prime factors of s.
3, 193
Suppose 2*z - 40 = 6*z. Let i(n) = n**3 + n + 8. Let u be i(0). Let b = u - z. List the prime factors of b.
2, 3
Suppose 5*x = 3*h + 495, 0 = 5*x - h + 215 - 700. Suppose -u - 2 = -x. List the prime factors of u.
2, 47
Let h(t) = -8*t + 423. List the prime factors of h(46).
5, 11
Let h = 88 + -338. Let d = h - -367. List the prime factors of d.
3, 13
Let t be -1 + (2 + -1)*-1. Let k = -10 + t. Let n = 24 + k. What are the prime factors of n?
2, 3
Let o(g) = -g. Let v(j) = -3*j + 1. Let t(r) = 4*o(r) - 2*v(r). Suppose 0 = 8*l - 35 - 13. List the prime factors of t(l).
2, 5
Suppose 2*z - h = 292 - 100, -z + 5*h = -105. Let l = 108 - z. List the prime factors of l.
13
Suppose -3*c - 5*s = -7*c + 5, -4*c + 4*s = 0. Let f(m) be the second derivative of m**4/6 - m**3/2 - 5*m**2 + 20*m. List the prime factors of f(c).
5, 11
What are the prime factors of (46/(-2))/((-34)/2210)?
5, 13, 23
Let k = 2 - 0. Suppose -2*u + 2 + k = 0. List the prime factors of (-2)/u + 72/2.
5, 7
Let r be (28/(-3))/((-13)/(-39)). What are the prime factors of (-3240)/r - 0 - (-2)/7?
2, 29
Let c(r) = r + 4*r - r**3 - 14*r**2 - 2*r - 6 + 24*r**2. What are the prime factors of c(8)?
2, 73
Let y = 303 - 198. List the prime factors of y.
3, 5, 7
Suppose -5*l - v = -5131, 3*v - 1765 - 1316 = -3*l. What are the prime factors of l?
2, 3, 19
Suppose m + 2 = 2*b, 4*m + 3*b = 4*b + 20. Suppose m*f = 12*f - 240. List the prime factors of f.
2, 5
Suppose 60 = -b - 5*y, 0 = -4*b - y - 11 - 134. Let m = 253 + b. List the prime factors of m.
2, 109
Let b(x) = 10*x**2 + 7 - 9 + x**3 + 7*x - 5. What are the prime factors of b(-9)?
11
Let n(a) = -42*a + 5. Let l be 10/(-4) - (7 + 39/(-6)). List the prime factors of n(l).
131
Let l be ((-1)/1 - -4) + -7. List the prime factors of (-7 - 215)*(10/l - -2).
3, 37
Suppose 0*h + 4*h = 12. What are the prime factors of h/((-1 - 1)/(-38))?
3, 19
Let y(u) = 15*u**2 - 2*u + 54. What are the prime factors of y(10)?
2, 13, 59
Let x(h) = -443*h - 118. What are the prime factors of x(-4)?
2, 827
Let o be 58/((-5)/5*1/2). Let m = 245 + o. What are the prime factors of m?
3, 43
Let t(i) = -2*i**2 + 22*i - 3. What are the prime factors of t(5)?
3, 19
Let k be (-2)/(-9) + 11925/(-81) + 3. Let b = k + 353. List the prime factors of b.
11, 19
Let u = 22 + -10. What are the prime factors of (-5)/(-20) - (-189)/u?
2
Let q be 2/1 - (3 - 0) - -3. Suppose -6*s + q*s + 5*x = -252, 0 = -3*x + 12. List the prime factors of s.
2, 17
Suppose 31*u - 19 - 3205 = 0. List the prime factors of u.
2, 13
Suppose -2*z + 68 = -0*z. Let h be (-62)/8 + 2/(-8). Let c = h + z. List the prime factors of c.
2, 13
Let l be -4 + 19/(11/(-4) + 3). Suppose 7*q - l = q. List the prime factors of q.
2, 3
Let n be 3 + (-4)/2 + 2. Suppose c = -0*c + n. Suppose -v = c*v - 56. What are the prime factors of v?
2, 7
Let v = -595 + 848. List the prime factors of v.
11, 23
Suppose -z = 0, 4*z = -4*q + 5*z + 12. Suppose i - 4*v = 9, 4*i - 4 = -q*v + 32. What are the prime factors of (-2)/(i/((-954)/4))?
53
Suppose -5*f + 0*t = -3*t - 23, -3*t = f - 1. Suppose f*b = -5